
False
Is 20 a factor of 59315301?
False
Is 54654370 a multiple of 1169?
False
Is 716 a factor of 145320603?
False
Is 63411925 a multiple of 139?
False
Is 13339822 a multiple of 110?
False
Does 94 divide 381577625?
False
Is 8498901 a multiple of 19?
False
Is 165474860 a multiple of 39?
False
Does 421 divide 12601793?
True
Is 509849608 a multiple of 8?
True
Does 4 divide 186998419?
False
Is 1552 a factor of 28917507?
False
Is 205721113 a multiple of 14?
False
Does 9 divide 1415542212?
True
Is 16040808 a multiple of 378?
True
Does 3036 divide 104001216?
True
Is 146577796 a multiple of 2201?
True
Is 945308985 a multiple of 56?
False
Is 9 a factor of 1516275?
True
Does 1505 divide 346615045?
True
Is 224 a factor of 15333024?
True
Is 774108724 a multiple of 7?
False
Is 3748 a factor of 210169560?
False
Is 8860 a factor of 2228257679?
False
Is 51 a factor of 28176261?
False
Does 4984 divide 1355474451?
False
Is 3377 a factor of 1393856750?
True
Is 384814094 a multiple of 313?
True
Is 160710796 a multiple of 404?
True
Does 7 divide 38178301?
True
Is 3823020 a multiple of 134?
True
Does 532 divide 23364908?
True
Is 32723225 a multiple of 475?
True
Is 803530146 a multiple of 5286?
True
Is 7728 a factor of 1065412992?
True
Is 14 a factor of 430112798?
False
Does 73 divide 20336537?
False
Does 3 divide 35924374?
False
Does 115 divide 9884825?
True
Is 271 a factor of 1551171751?
True
Is 192 a factor of 22337856?
True
Does 44 divide 1281801796?
True
Does 7 divide 11019309?
True
Is 13985235 a multiple of 57?
True
Is 11 a factor of 51052496?
True
Does 27 divide 20277864?
True
Is 215 a factor of 729925?
True
Does 26 divide 225788436?
False
Is 425 a factor of 27810033?
False
Is 234569299 a multiple of 152?
False
Does 186 divide 275150607?
False
Does 84 divide 15549576?
True
Is 23 a factor of 1446278693?
False
Is 563650583 a multiple of 29?
True
Does 1532 divide 481118940?
False
Is 425638605 a multiple of 1685?
False
Does 85 divide 169011960?
True
Is 21 a factor of 3353735553?
True
Does 15 divide 401752965?
True
Is 255028799 a multiple of 4476?
False
Is 6 a factor of 379106165?
False
Is 1233 a factor of 28197477?
True
Is 12 a factor of 61322037?
False
Is 11521797 a multiple of 7?
True
Does 115 divide 41824834?
False
Is 31 a factor of 11945457?
False
Is 464992870 a multiple of 155?
True
Is 81 a factor of 12431434?
False
Is 552 a factor of 11899464?
True
Is 14 a factor of 40999210?
True
Does 27 divide 24962739?
False
Is 41 a factor of 21899904?
True
Is 31560401 a multiple of 57?
False
Does 19 divide 1605226610?
False
Is 2751981 a multiple of 3?
True
Is 46 a factor of 1498700838?
True
Does 257 divide 480710022?
False
Is 1310237775 a multiple of 8505?
True
Does 189 divide 1717803633?
False
Does 339 divide 43268467?
False
Is 288179683 a multiple of 11?
True
Is 223 a factor of 3691015978?
False
Is 10151998 a multiple of 9?
False
Is 4 a factor of 53523992?
True
Is 40 a factor of 1425375880?
True
Is 1010901561 a multiple of 1169?
False
Is 231 a factor of 144078731?
False
Is 199 a factor of 9428301?
False
Is 3087 a factor of 271399779?
True
Is 54 a factor of 12383766?
True
Is 150 a factor of 709200?
True
Does 683 divide 106542536?
True
Is 336608521 a multiple of 2382?
False
Is 7 a factor of 1508970?
False
Does 539 divide 29649427?
False
Is 177 a factor of 29766799?
False
Is 4505099 a multiple of 89?
False
Does 214 divide 2686745604?
True
Is 53840409 a multiple of 90?
False
Is 50 a factor of 164963734?
False
Is 1243314 a multiple of 8?
False
Does 56 divide 4814370?
False
Does 21 divide 7025361?
True
Is 2414720 a multiple of 70?
True
Is 2863134220 a multiple of 34?
True
Does 52 divide 1540485989?
False
Does 307 divide 12732437?
False
Does 1080 divide 496144105?
False
Is 1317570 a multiple of 5?
True
Does 2857 divide 284845136?
False
Is 1235 a factor of 673200893?
False
Does 1020 divide 3121092795?
False
Does 297 divide 5131269?
True
Does 7 divide 10010259?
True
Is 455884440 a multiple of 165?
True
Does 4343 divide 2277424088?
False
Is 149167617 a multiple of 409?
True
Is 9344686 a multiple of 6?
False
Is 303 a factor of 154892994?
True
Is 391955828 a multiple of 138?
False
Does 13 divide 35784268?
True
Is 321 a factor of 44002680?
True
Is 3733056426 a multiple of 114?
True
Does 7 divide 160134833?
False
Does 770 divide 201126310?
True
Is 11 a factor of 12459222?
False
Does 2125 divide 2308540855?
False
Does 21 divide 11037424?
False
Is 20811978 a multiple of 81?
True
Is 356 a factor of 5391697?
False
Is 1273 a factor of 70478103?
False
Is 151360715 a multiple of 89?
False
Is 13954932 a multiple of 1766?
True
Is 37208011 a multiple of 17?
False
Is 198 a factor of 31364257?
False
Is 3060 a factor of 50846704?
False
Is 50 a factor of 309959005?
False
Is 56218092 a multiple of 49?
True
Does 24 divide 35571408?
True
Is 8831109 a multiple of 203?
True
Is 32127907 a multiple of 67?
True
Is 131097098 a multiple of 138?
False
Is 806163696 a multiple of 78?
True
Does 21 divide 221670120?
True
Is 1075 a factor of 175572171?
False
Does 129 divide 497810848?
False
Is 642423269 a multiple of 18?
False
Is 755113786 a multiple of 724?
False
Is 12 a factor of 190969672?
False
Does 224 divide 99629824?
True
Does 31 divide 81099651?
False
Is 2790 a factor of 75841539?
False
Is 75 a factor of 715277925?
True
Does 7 divide 89477231?
False
Is 59898244 a multiple of 12?
False
Is 2872314724 a multiple of 428?
False
Does 3011 divide 120259340?
True
Does 14 divide 1231447798?
True
Does 42 divide 72734172?
True
Is 21739620 a multiple of 813?
True
Is 3 a factor of 5593851?
True
Does 197 divide 98761337?
False
Does 505 divide 113295740?
True
Is 47814625 a multiple of 85?
True
Does 75 divide 20824982?
False
Is 119724448 a multiple of 888?
False
Is 47 a factor of 118186482?
True
Does 977 divide 148388089?
False
Does 904 divide 32537742?
False
Does 453 divide 16620320?
False
Is 63178963 a multiple of 87?
False
Does 10 divide 71906690?
True
Is 19 a factor of 50422955?
False
Is 677731359 a multiple of 4?
False
Is 10148344 a multiple of 43?
True
Does 3 divide 2497653?
True
Does 119 divide 169791104?
True
Does 95 divide 982676985?
False
Is 49984053 a multiple of 7?
True
Is 112 a factor of 240202816?
True
Is 1659178613 a multiple of 648?
False
Is 157520215 a multiple of 5?
True
Is 280695964 a multiple of 268?
True
Is 217 a factor of 18012519?
True
Does 11 divide 496127302?
True
Is 64854252 a multiple of 68?
True
Does 747 divide 1555242665?
False
Does 2261 divide 124533619?
True
Is 461174611 a multiple of 63?
False
Is 19 a factor of 47177321?
False
Does 67 divide 361040153?
True
Is 1231410828 a multiple of 12?
True
Is 61128791 a multiple of 239?
True
Is 394 a factor of 22757834?
True
Does 1545 divide 2259224605?
False
Does 65 divide 39989855?
False
Is 4501930 a multiple of 2?
True
Does 570 divide 73718100?
True
Does 153 divide 31965676?
False
Is 21004921 a multiple of 25?
False
Does 33 divide 259751943?
True
Is 687 a factor of 98760149?
False
Is 10 a factor of 58745610?
True
Is 600 a factor of 179198544?
False
Does 5 divide 401203284?
False
Is 10 a factor of 1288985135?
False
Is 237 a factor of 10182705?
True
Does 917 divide 192090121?
False
Does 3414 divide 407269716?
True
Is 12 a factor of 887564?
False
Is 68494322 a multiple of 299?
True
Does 96 divide 49878094?
False
Is 41 a factor of 23708108?
False
Is 11 a factor of 4101961?
False
Does 10 divide 46334300?
True
Is 2149281712 a multiple of 68?
True
Is 61255627 a multiple of 29?
True
Is 2224 a factor of 15708112?
True
Is 1775114 a multiple of 24?
False
Is 304 a factor of 181732112?
True
Does 10 divide 139330784?
False
Is 5549717218 a multiple of 4127?
True
Does 205 divide 213653050?
True
Is 785360356 a multiple of 2404?
True
Does 21 divide 266819573?
False
Is 566 a factor of 480501397?
False
Is 34 a factor of 78950867?
False
Is 5937 a factor of 1317242190?
True
Is 34 a factor of 275676275?
False
Does 175 divide 25050725?
True
Is 361636 a multiple of 22?
True
Is 25785879 a multiple of 2?
False
Is 267 a factor of 32409795?
True
Does 14942 divide 289202410?
True
Does 13 divide 4639024?
True
Is 1598477050 a multiple of 149?
False
Is 35 a factor of 197755727?
False
Does 179 divide 20618142?
False
Is 2388 a factor of 516417105?
False
Is 1472186084 a multipl